
False
Let s(z) = 2*z**2 - 3*z + 6. Let v be 3 + 2 + (1 - 2) + 77. Suppose 0*h + 9*h - v = 0. Is s(h) a prime number?
False
Let w(j) = -j**2 - 12*j + 160. Let y be w(8). Suppose -2*z + 4*i + 36322 = -y*z, -54523 = -3*z - 4*i. Is z a composite number?
False
Suppose 0 = -4*a - 12*a + 544. Suppose 0 = l - 5*u + 19, 5*l + 4*u - a = 16. Suppose -8829 = -3*j + 4*w, -3*w = 3*j - l*j + 8826. Is j composite?
False
Let r(d) = 2464*d**2 + 101*d - 674. Is r(7) a prime number?
False
Let c be 703 + (-13)/((-78)/12). Suppose c*q + 64799 = 712*q. Is q a prime number?
True
Let q(s) = -s + 1. Let j be q(10). Is (j - 81763/22)*2/(-1) a prime number?
True
Let x(d) = d**3 + 10*d**2 - d - 8. Let r be x(-10). Let v be ((-32)/12 + 2)/(r/(-3)). Suppose 0 = -3*p - 4*q + 113, -v - 59 = -2*p + 5*q. Is p prime?
False
Suppose 3*x - 4*g - 26 = 0, -5*g = 5*x - 4*g - 5. Suppose 0 = -x*p + 3637 + 3997. Suppose -8*f + p = -20815. Is f a composite number?
False
Suppose -14 = -11*w + 8. Suppose -w*i + 13422 = 6*o - 4*o, 0 = 2*o + 5*i - 13428. Is o composite?
False
Suppose 0 = 3*c - 4*x - 17, -6*c = -4*c + 2*x - 2. Suppose -3*w + 4*b + 10614 = -w, c*w - 2*b = 15925. Is w prime?
True
Let i(z) = 2 - z**2 - 15*z - 9*z + 19*z. Let o be i(-3). Is 1 + 3579/12 - 2/o a prime number?
False
Is -4 - -19348 - (1/(-2) + (-27)/6) a composite number?
True
Let y be (55061/4 - -2)/((-2)/(-40)). Suppose 17*t - y = -18*t. Is t composite?
False
Let s(p) = -439*p**2 - 6*p - 35. Let h be s(-4). Suppose -j - 3*j = 36. Is h/j - 4/6 a prime number?
False
Is 4855*((-1389)/(-5) - -2) prime?
False
Let y be (((-2310)/20)/(-11))/((-6)/(-8)). Suppose 14*n + y*n - 35252 = 0. Is n a prime number?
True
Suppose -3*o = 2*y + 304, -5*o + 2*y = 5*y + 505. Let z be (o/3)/(4/(-138)). Let h = z + 14. Is h a prime number?
False
Suppose 2*m - 22 = -2*t, -3*m = -3*t + 17 - 80. Let k(x) = 558*x + 265. Is k(m) a prime number?
False
Let u = -353 + 356. Suppose -3*v + 24363 = u*q, -4*q + 6*v - 4*v + 32472 = 0. Is q composite?
True
Suppose 11874*v - 3163226 = 11852*v. Is v prime?
False
Suppose 59*s = 1379655 + 1745634. Is s composite?
True
Let g = 14 - 10. Let m(k) = 3 + 151*k**3 - 143*k**3 - 4*k**2 - g*k + 6. Is m(5) a composite number?
True
Suppose 2*l = b + 867285, -4*l + b + 992983 + 741592 = 0. Is l composite?
True
Let t be (1 + -1)/(-5 + 4). Let g be 28/(-14) + 1 + t. Is (g + 159)/(-6 - (-220)/35) prime?
False
Let q = -27019 - -122556. Is q prime?
False
Let v be (3 - 2) + -2 + -16 + 5. Let i(h) = -h**3 - 11*h**2 + 11*h - 2. Let j be i(v). Suppose -q - 5*c = -796, 5*c = -15 - j. Is q prime?
True
Let o be ((-6)/(-4))/(6/12). Suppose -5*t = -5*l + 415, -212 = 5*l + o*t - 635. Suppose 4*f - f - 5*m - l = 0, 3*f + 3*m = 60. Is f composite?
False
Let y(t) = 3*t**3 - 8*t**2 + 2*t + 14. Let i be y(23). Suppose -i = -8*w - 3*w. Is w composite?
False
Let z be (-21)/(-9) - (-4)/(-12). Suppose -2420 - 874 = -z*r. Suppose -3*t - 4*s = -3359, 5*t - 5*s - 3928 = r. Is t a prime number?
True
Is (-1304971)/(-102) - (-31)/186 composite?
True
Suppose 2*g - 3*i - 202 = 0, -g - 2*i = -0*i - 94. Let u be 56/6*(-5748)/8. Is u/4*(-56)/g a prime number?
False
Suppose -3*u + 32 = u. Suppose 4*a + 0*d = 2*d + 14, 3*a - d - u = 0. Is -967*(a + (-2 - (4 - 4))) prime?
True
Let b be ((-15)/10)/((-3)/(-8)). Let d = -10 - -1. Is (-12589)/d + 38/9 + b a prime number?
True
Suppose 0 = 103*d - 105*d + 50. Suppose -6*n + n = d. Is 7111 + (0/n)/(-1) composite?
True
Let k(z) = -8*z - 42. Let q be k(-26). Let t be q/(-3)*645/(-10). Let u = t + -1912. Is u a composite number?
False
Let g(y) = 25*y**2. Let s be g(2). Let j = 105 - s. Suppose 8*k = j*k + 669. Is k a composite number?
False
Suppose 3174*z - 620056 = 3166*z. Is z composite?
True
Suppose 577 = 16*r - 303. Let t be -53*2*(-1)/2. Suppose -r*u + t*u + 998 = 0. Is u composite?
False
Suppose -4*g - 2156 = 4*f, -4*g + f + 678 - 2829 = 0. Let y = g - -1977. Is y prime?
True
Suppose -6*y = -2*y - 80. Let p be ((-977)/(-5))/(4/y). Suppose -p - 878 = -5*n. Is n prime?
False
Is ((-717622)/5)/(-8*(-6)/(-120)) prime?
True
Let g be (-8)/10*(-45)/18 + 2. Is (-1)/4*-9606*g + 5 prime?
False
Let t be (-506)/(-5)*-1*-5. Let h(q) = -q**3 + 9*q**2 + 17*q - 75. Let j be h(10). Is (j - -2) + 1*t a prime number?
True
Suppose -10 = 2*r + 32. Let i = -323 + r. Is (i + 3)/(-1) - 4 a prime number?
True
Let g be (44691/9)/(5/(-60)). Is g/(-108)*3 - (-4)/(-18) prime?
False
Is -5*(-1 - 0)*7*(-7795)/(-35) composite?
True
Let w = 1448600 + -268381. Is w a prime number?
True
Let x(a) = 6*a**3 + 67*a**2 - 318*a + 43. Is x(22) a composite number?
False
Is (-12)/24*((-5519)/(-3))/((-58)/348) prime?
True
Suppose -3*l = -3*w - 18, l + 2*w + 0 = 12. Let k be (-7)/28 - (-18)/l. Is (11114/10)/((k/(-2))/(-5)) composite?
False
Suppose -69*b - 4*u = -74*b + 71697, 2*b - 28674 = 4*u. Is b a prime number?
True
Let n = -16410 + -1983. Is (8/(-6))/4*n composite?
False
Let h = -579 + 2637. Let u = 6169 - h. Is u a prime number?
True
Let t(w) = -153658*w - 3005. Is t(-6) composite?
False
Suppose 2*n = -4*j + 66, 0 = -18*n + 19*n - 3. Suppose -2*z = 2*p - 6398, 2*p + j*z - 6398 = 14*z. Is p a prime number?
False
Suppose -4*n + 2*k = -2505782, -3*n + 1521854 + 357490 = -3*k. Is n composite?
False
Let a be (-2 - 14002/(-14)) + 7/(-49). Let h = 574 - a. Let z = h - -965. Is z prime?
True
Is (-1058018)/(-3)*((-90)/(-20) - 3) prime?
False
Let d(p) = -26*p + 108. Let z be d(4). Is ((-93162)/(-21))/(z*(-1)/(-14)) a composite number?
False
Suppose 7*n = -822652 + 2914889. Is n prime?
False
Let a be 9 - 5 - (-2 + -5923). Let m = a + 684. Is m a composite number?
True
Suppose -110*l = -87*l - 15912665. Is l a composite number?
True
Suppose -4*g + 1442 = 3*t, 66 = -5*g - 2*t + 1872. Let q = g - -311. Is q a composite number?
False
Let y be 1 - 88/24*57. Is (-31008)/y - 2/26 a composite number?
False
Suppose 5*v = -d - 20159, 12094 = -0*v - 3*v - 2*d. Let r = 8593 + v. Is r prime?
True
Is (782763 - 0)*((-14 - 172/(-12)) + 0) a composite number?
False
Let v = 9551 - 5254. Let y = v - 2330. Let j = -622 + y. Is j composite?
True
Let q(m) = -m**3 - 8*m - 12. Let b be q(5). Suppose 290 = -8*n + 3*n. Let k = n - b. Is k prime?
False
Let t be (-14 - 27/(-3))/((-5)/6). Is (-3)/t - (-33431)/2 prime?
False
Let i = -5 - 51. Let t = 61 + i. Suppose -t*c + 312 = -1973. Is c prime?
True
Suppose a - 6*p = -11*p + 331827, 1659282 = 5*a + 4*p. Is a a composite number?
True
Suppose 0 = -4*j - 4*x + 1321884, 5*j + 20*x - 24*x = 1652337. Is j a prime number?
True
Suppose 3*f + 366 = -5*z - 21, 4*f + z + 516 = 0. Let i(w) = 15*w**2 - 5*w - 4. Let x be i(6). Let q = f + x. Is q a composite number?
True
Let l be 121604/21 - 1/(-3). Suppose 0 = -p + l - 1053. Let o = p + -1923. Is o composite?
True
Suppose -3*a = 57*f - 55*f - 739505, -a + 4*f = -246469. Is a a prime number?
True
Suppose 0 = -2*w - 11*b + 319625, -11*w + 12*w + 5*b = 159814. Is w composite?
True
Is ((-808632337)/(-3459))/(19/9 - 2) composite?
True
Suppose 4*u - 3*s + 5*s - 506510 = 0, u = -5*s + 126596. Is u a prime number?
True
Suppose g = -5*a + 187048, a - 312632 = -3*g + 248498. Is g composite?
False
Let g(x) = -x**2 + 2*x + 624. Let k be g(0). Let f = -333 + k. Let d = -200 + f. Is d a composite number?
True
Let q = 278 + -1538. Let s = -4895 + 7062. Let p = q + s. Is p prime?
True
Let p = -34 - -24. Let k(n) = 44*n**2 + 26*n + 79. Is k(p) composite?
False
Let s(g) = g**3 - 19*g**2 + 33*g + 25. Let i be s(17). Suppose i = -18*v + 20*v. Suppose -2*w - 318 = -k + 3*w, -2*k + 642 = -v*w. Is k composite?
True
Suppose -198179 = -31*v + 442622. Is v composite?
True
Let s(a) = a**2 - 3*a - 27. Is s(68) composite?
True
Suppose -4*v = -5*i - 22, -3*v + v + 12 = -2*i. Is (v - 7) + 9461 + (2 - 3) composite?
False
Is 231285/119 - (42/49 + 2/(-7)) a composite number?
True
Suppose -1910438 = -42*i + 5185420. Is i prime?
False
Let f(t) = 552*t + 5. Let k be f(4). Let x = -1314 + k. Is x prime?
False
Let l = -351 + 353. Suppose -2266 = -l*w + 2260. Is w a prime number?
False
Suppose 4*y + 8299*r = 8298*r + 218662, -4*r = 24. Is y composite?
False
Suppose 3*l = 4*y + 2228 + 12348, 4862 = l + 2*y. Suppose 2*g + 670 = l. Is ((-46)/(-115))/(2/g) prime?
True
Is (413/28)/(2/(14528/8)) composite?
True
Suppose 192230 = 2*w - 2*d - 45